1, what is 6 - 807817?
-807811
In base 6, what is -4 - 54002520351?
-54002520355
In base 6, what is 1512 - 554504?
-552552
In base 16, what is 3132 - -5d1b?
8e4d
In base 9, what is 30637 + 11374?
42122
In base 4, what is 102010313 - 130?
102010123
In base 5, what is -144 + -14421423113?
-14421423312
In base 10, what is -1050 + 217474?
216424
In base 12, what is -213 - -b17?
904
In base 7, what is 10 - 141352353?
-141352343
In base 12, what is 2129 + -4490?
-2363
In base 15, what is 87701bc - -2?
87701be
In base 5, what is 32430 + -4330221?
-4242241
In base 7, what is 4 + 42031220?
42031224
In base 6, what is -524151200 + 3?
-524151153
In base 6, what is 41341 + -5243?
32054
In base 5, what is -4103 - -42340?
33232
In base 12, what is -19a94 + 19?
-19a77
In base 3, what is 2 - -1012000112112?
1012000112121
In base 12, what is 901937 - 3?
901934
In base 10, what is -1570472 + -16?
-1570488
In base 7, what is 4 - 462024023?
-462024016
In base 2, what is -11110011111 - 11110111000001?
-100010101100000
In base 9, what is 682851805 - -5?
682851811
In base 9, what is 11170 + -15812?
-4632
In base 9, what is -6 + 24184401?
24184384
In base 5, what is -34402404404 - -3?
-34402404401
In base 12, what is -1 - -3880528?
3880527
In base 10, what is 16003 + -12557?
3446
In base 9, what is -10047143 - 4?
-10047147
In base 13, what is 4 + -2415292?
-241528b
In base 9, what is 0 - 16808287?
-16808287
In base 11, what is -3179214 + 2?
-3179212
In base 2, what is 111100010001010101011101 - 11001?
111100010001010101000100
In base 4, what is -3212010 + 21033?
-3130311
In base 13, what is -3 - -aa656c?
aa6569
In base 16, what is 372 + -137d2?
-13460
In base 7, what is 132524 + -613?
131611
In base 3, what is 2020010101122 - -122010?
2020011000202
In base 15, what is 2aea983 + 1?
2aea984
In base 9, what is -12508 - -255?
-12243
In base 16, what is -f9 - -5e30f?
5e216
In base 16, what is 5bcbc00 - -5?
5bcbc05
In base 16, what is 1 - 246b7d1?
-246b7d0
In base 7, what is 1 + -130166464?
-130166463
In base 8, what is 2421 + 127220?
131641
In base 7, what is -63306341 + -2?
-63306343
In base 4, what is 3 - -203122312023?
203122312032
In base 15, what is 1de1b - -4de?
1e40a
In base 4, what is -21233321032 - -1031?
-21233320001
In base 13, what is 446946 - 4?
446942
In base 13, what is 16 - 147942?
-147929
In base 2, what is 101001100010100101111011011 + -10?
101001100010100101111011001
In base 9, what is -14115 + 61021?
45805
In base 16, what is -d - 17232c5?
-17232d2
In base 5, what is -4211301 + 2111?
-4204140
In base 15, what is -a50 - -22be?
176e
In base 6, what is 25 + -11515435403?
-11515435334
In base 8, what is 15456 + -20650?
-3172
In base 16, what is -1 - -8433a4?
8433a3
In base 7, what is -23 - 214110?
-214133
In base 13, what is 17942 - -89?
179cb
In base 7, what is -15 + 2110416?
2110401
In base 13, what is -3cb0ab1b - 3?
-3cb0ab21
In base 14, what is -269d6558 + -1?
-269d6559
In base 9, what is -3 - 42531181?
-42531184
In base 6, what is 232 + 21353341?
21354013
In base 13, what is -3 - 1961c11?
-1961c14
In base 6, what is 10152523 - -424?
10153351
In base 9, what is 404 - 10606?
-10202
In base 10, what is -9448 - -866?
-8582
In base 14, what is -4 + -c876ac3?
-c876ac7
In base 6, what is -132 + 1552230?
1552054
In base 15, what is -26d2c - -24?
-26d08
In base 6, what is -514510335 - 0?
-514510335
In base 9, what is 264 + -6118360?
-6118085
In base 2, what is -1011110 - 100100100110111101?
-100100101000011011
In base 13, what is -32b3b - 39?
-32b77
In base 7, what is -130 - -1144605?
1144445
In base 7, what is -14253254646 - 3?
-14253254652
In base 4, what is 202210020332 + 11?
202210021003
In base 10, what is -8 + -11111051?
-11111059
In base 3, what is 10 + -11221212022201?
-11221212022121
In base 13, what is 5 + -1828cb86?
-1828cb81
In base 8, what is 370516 - -567?
371305
In base 9, what is -1235 + -41?
-1276
In base 13, what is -504 + -1a34?
-2238
In base 2, what is -100 - -1111101001011100101001000?
1111101001011100101000100
In base 13, what is a45 + -23ab3?
-2306b
In base 11, what is 129a2 + 7?
129a9
In base 8, what is -347 - 13036231?
-13036600
In base 9, what is -1563 - 36287?
-37861
In base 3, what is 10021201200010 + -222?
10021201122011
In base 14, what is -36 + d552b?
d54d5
In base 5, what is 143 - -112113322?
112114020
In base 7, what is 6 + 454035664?
454036003
In base 8, what is 621766 - 1370?
620376
In base 14, what is -4 + -8d7bc3?
-8d7bc7
In base 11, what is 12 + 182226a?
1822281
In base 14, what is a4634a + -17?
a46333
In base 10, what is -56700 + -420?
-57120
In base 4, what is -103230 - -31100?
-12130
In base 11, what is 17 + -11a70421?
-11a70405
In base 8, what is 52 - 3142710?
-3142636
In base 12, what is 1a53 + b3?
1b46
In base 3, what is -112020120112 - -12012?
-112020101100
In base 5, what is 410332 - 1031?
404301
In base 12, what is -8a8 - -910?
24
In base 7, what is 21163 + 31361?
52554
In base 10, what is 2 - 256543782?
-256543780
In base 8, what is -27340515 - 3?
-27340520
In base 5, what is 3012133102 + 44?
3012133201
In base 3, what is -111010 - 12021101102212?
-12021101220222
In base 14, what is -13ca967 + 1?
-13ca966
In base 5, what is 1333 + 123311?
130144
In base 12, what is 6a8b - -318?
71a7
In base 16, what is 2 + -3ab694?
-3ab692
In base 6, what is 30124200 + -4?
30124152
In base 5, what is -141111 - 2413?
-144024
In base 5, what is -23424404104 + -4?
-23424404113
In base 3, what is 2201012 - 120011021111?
-120001120022
In base 15, what is -23901 + -22d?
-23b2e
In base 4, what is 11130012103 - -132?
11130012301
In base 14, what is 15a0064 - -3?
15a0067
In base 2, what is -111 - -10100101010111100001?
10100101010111011010
In base 13, what is 4 - 2024652?
-202464b
In base 6, what is 0 + 255015023?
255015023
In base 9, what is -42252 + -24085?
-66347
In base 15, what is 25 + -ecc21d?
-ecc1e8
In base 3, what is 1211001220 - 1222?
1210222221
In base 3, what is 10122200110000 - 100?
10122200102200
In base 2, what is 111111000000111010000110 + -1000?
111111000000111001111110
In base 6, what is 14 + -1211343223?
-1211343205
In base 6, what is 1540333 + 1435?
1542212
In base 8, what is 3772 - 1216426?
-1212434
In base 7, what is -15226364 + -46?
-15226443
In base 8, what is 2 + 147037037?
147037041
In base 15, what is 2 - -1cdac0e?
1cdac11
In base 10, what is 33 + 7548658?
7548691
In base 9, what is -70762 - 2320?
-73182
In base 6, what is 2 - 2355545105?
-2355545103
In base 9, what is -257208 + -305?
-257514
In base 4, what is 10213320023 - 2030?
10213311333
In base 16, what is 41e51 + 124?
41f75
In base 16, what is 2eb0 + -2923?
58d
In base 6, what is -300 - -2521333?
2521033
In base 7, what is -6002251 - 525?
-6003106
In base 7, what is -250232 - 1043?
-251305
In base 13, what is -32c93ac + -4?
-32c93b3
In base 4, what is 121131222 - 233333?
120231223
In base 12, what is 1a637 - -94?
1a70b
In base 15, what is 2742e + 53?
27482
In base 3, what is -200002020020020 + -1101?
-200002020021121
In base 3, what is -111 - 100202211111?
-100202211222
In base 9, what is 2041366 - 13?
2041353
In base 10, what is 1 + -24884096?
-24884095
In base 7, what is 2404 - 245113?
-242406
In base 9, what is 52660503 - -4?
52660507
In base 14, what is -8233 - -c?
-8225
In base 11, what is -10786202 + 1?
-10786201
In base 2, what is -111101011 - 111100111000010?
-111101110101101
In base 10, what is 448754778 + 2?
448754780
In base 11, what is -49727aa - -4?
-49727a6
In base 2, what is -1110000110 + 1010101111000?
1000111110010
In base 16, what is 1cc663 - -6?
1cc669
In base 9, what is -62284432 + -3?
-62284435
In base 2, what is 1110001000111101 + -110111111110111?
111001001000110
In base 15, what is -9 - -ae52a?
ae521
In base 6, what is -43124322 - 1103?
-43125425
In base 13, what is -1 + -119aac92?
-119aac93
In base 8, what is 1 - 106054131?
-106054130
In base 2, what is -1111110010 - -10101010101100?
10011010111010
In base 4, what is -202121211 - -102?
-202121103
In base 14, what is 3a99 + -42?
3a57
In base 7, what is -1506 + 50064?
45255
In base 12, what is 126977a8 - 2?
126977a6
In base 8, what is 13127247 - 233?
13127014
In base 7, what is -246060236 + -5?
-246060244
In base 2, what is -1010011 - 110000010100110000?
-110000010110000011
In 